11.
1908
Calculate the remainder when 75520362 is divided by 868050.
12
Calculate the remainder when 7596685 is divided by 422038.
1
Calculate the remainder when 115087138 is divided by 3615.
3613
Calculate the remainder when 97314730 is divided by 4557.
4552
What is the remainder when 289966 is divided by 957?
952
Calculate the remainder when 12806313 is divided by 193.
184
What is the remainder when 18088 is divided by 17587?
501
What is the remainder when 186128 is divided by 13236?
824
Calculate the remainder when 1467239 is divided by 13218.
41
Calculate the remainder when 5019778 is divided by 1066.
1050
What is the remainder when 1314691 is divided by 262935?
16
What is the remainder when 8877016 is divided by 5380?
16
Calculate the remainder when 214978735 is divided by 2834.
2831
What is the remainder when 49480 is divided by 1367?
268
What is the remainder when 50884 is divided by 1578?
388
What is the remainder when 10024014 is divided by 8950?
14
Calculate the remainder when 26355 is divided by 490.
385
Calculate the remainder when 388340 is divided by 22.
18
What is the remainder when 2171230 is divided by 504?
502
What is the remainder when 397756 is divided by 88?
84
What is the remainder when 202892 is divided by 202151?
741
Calculate the remainder when 1711772 is divided by 1662.
1574
Calculate the remainder when 256000 is divided by 1506.
1486
Calculate the remainder when 99918 is divided by 11081.
189
Calculate the remainder when 2525537 is divided by 21580.
677
Calculate the remainder when 72856 is divided by 2697.
37
Calculate the remainder when 1694501 is divided by 100.
1
What is the remainder when 149931 is divided by 1883?
1174
What is the remainder when 960518234 is divided by 88?
82
What is the remainder when 132951476 is divided by 11?
9
What is the remainder when 5450630 is divided by 63?
59
Calculate the remainder when 9749112 is divided by 22.
10
What is the remainder when 1969693 is divided by 4528?
13
What is the remainder when 1993644 is divided by 247?
107
What is the remainder when 733122 is divided by 718?
44
Calculate the remainder when 40628379 is divided by 21.
15
What is the remainder when 450643 is divided by 241?
214
Calculate the remainder when 339233 is divided by 9.
5
Calculate the remainder when 742827 is divided by 423.
39
Calculate the remainder when 2429016 is divided by 1214472.
72
What is the remainder when 8716954 is divided by 4147?
4107
What is the remainder when 171186 is divided by 2223?
15
Calculate the remainder when 93751356 is divided by 38.
36
Calculate the remainder when 3611674 is divided by 1886.
1870
What is the remainder when 172932087 is divided by 10172475?
12
What is the remainder when 26880 is divided by 2484?
2040
What is the remainder when 9111 is divided by 763?
718
What is the remainder when 7133699 is divided by 2100?
2099
What is the remainder when 182458 is divided by 469?
17
Calculate the remainder when 30642 is divided by 766.
2
Calculate the remainder when 3123725 is divided by 100765.
10
Calculate the remainder when 1765249 is divided by 882565.
119
Calculate the remainder when 200085 is divided by 4546.
61
Calculate the remainder when 612684 is divided by 170.
4
What is the remainder when 105346267 is divided by 131?
128
What is the remainder when 153914 is divided by 322?
320
Calculate the remainder when 46798 is divided by 683.
354
Calculate the remainder when 39179 is divided by 727.
648
Calculate the remainder when 1050335 is divided by 85.
75
Calculate the remainder when 6968047 is divided by 50.
47
Calculate the remainder when 66248 is divided by 10971.
422
Calculate the remainder when 1888031 is divided by 53943.
26
What is the remainder when 236742 is divided by 77663?
3753
Calculate the remainder when 40228 is divided by 4006.
168
Calculate the remainder when 806201 is divided by 1320.
1001
Calculate the remainder when 7670 is divided by 7611.
59
What is the remainder when 829739 is divided by 134?
11
What is the remainder when 2963054 is divided by 322?
10
Calculate the remainder when 888071 is divided by 5620.
111
What is the remainder when 42235741 is divided by 7108?
5
Calculate the remainder when 4696848 is divided by 1477.
1465
What is the remainder when 17240240 is divided by 9525?
9515
Calculate the remainder when 32673 is divided by 14924.
2825
Calculate the remainder when 162443203 is divided by 27.
25
What is the remainder when 106659 is divided by 5217?
2319
What is the remainder when 114863269 is divided by 42?
31
Calculate the remainder when 338310 is divided by 128.
6
What is the remainder when 296351 is divided by 15593?
84
What is the remainder when 10738518 is divided by 3948?
3906
Calculate the remainder when 126666 is divided by 1074.
1008
What is the remainder when 2479410 is divided by 4297?
41
Calculate the remainder when 3763442 is divided by 109.
108
Calculate the remainder when 343019904 is divided by 23.
20
Calculate the remainder when 107143 is divided by 8926.
31
Calculate the remainder when 829532 is divided by 33181.
7
What is the remainder when 523771 is divided by 138?
61
What is the remainder when 2709965 is divided by 26568?
29
Calculate the remainder when 83647 is divided by 11805.
1012
What is the remainder when 88655352 is divided by 34?
12
Calculate the remainder when 1646795 is divided by 823384.
27
Calculate the remainder when 3244 is divided by 207.
139
What is the remainder when 8809736 is divided by 383031?
23
What is the remainder when 11274124 is divided by 1287?
4
What is the remainder when 27501 is divided by 1207?
947
Calculate the remainder when 6312515 is divided by 3156254.
7
What is the remainder when 4630516 is divided by 9?
7
What is the remainder when 20447049 is divided by 123921?
84
Calculate the remainder when 96237 is divided by 48092.
53
Calculate the remainder when 32757 is divided by 7560.
2517
What is the remainder when 63529 is divided by 2181?
280
Calculate the remainder when 13048900 is divided by 433.
12
Calculate the remainder when 5527792 is divided by 3926.
3910
What is the remainder when 61243002 is divided by 22?
18
What is the remainder when 158999 is divided by 403?
217
Calculate the remainder when 1274197 is divided by 2390.
327
Calculate the remainder when 566305 is divided by 204.
1
Calculate the remainder when 2804566 is divided by 808.
806
Calculate the remainder when 5357078 is divided by 1029.
104
What is the remainder when 1756151 is divided by 140?
131
What is the remainder when 1825577 is divided by 912444?
689
What is the remainder when 171754549 is divided by 466?
463
Calculate the remainder when 1080757 is divided by 45030.
37
Calculate the remainder when 56762437 is divided by 8.
5
Calculate the remainder when 52775 is divided by 10475.
400
Calculate the remainder when 125582574 is divided by 5453.
5437
What is the remainder when 892086 is divided by 111505?
46
What is the remainder when 6825101 is divided by 121?
96
What is the remainder when 2456760 is divided by 539?
537
Calculate the remainder when 35404997 is divided by 148138.
15
What is the remainder when 26062643 is divided by 26062628?
15
What is the remainder when 4191336 is divided by 1397111?
3
Calculate the remainder when 816702 is divided by 58333.
40
What is the remainder when 301796907 is divided by 261?
258
What is the remainder when 4496156 is divided by 4080?
4076
Calculate the remainder when 12280943 is divided by 208.
207
Calculate the remainder when 28551472 is divided by 378.
376
Calculate the remainder when 2285523 is divided by 4.
3
What is the remainder when 5879631 is divided by 1959875?
6
What is the remainder when 8632077 is divided by 156946?
47
What is the remainder when 195081 is divided by 671?
491
What is the remainder when 2842513 is divided by 645?
643
Calculate the remainder when 8751459 is divided by 350056.
59
Calculate the remainder when 6364383 is divided by 871.
857
What is the remainder when 15629144 is divided by 24?
8
What is the remainder when 1057788 is divided by 349098?
10494
Calculate the remainder when 122928 is divided by 3003.
2808
Calculate the remainder when 79712215 is divided by 140.
135
Calculate the remainder when 67147469 is divided by 194.
189
Calcula